ds digit of 19411007?
1
What is the thousands digit of 2136763?
6
What is the units digit of 335353?
3
What is the ten thousands digit of 3854360?
5
What is the hundreds digit of 25484657?
6
What is the hundreds digit of 2885?
8
What is the ten thousands digit of 1185112?
8
What is the hundred thousands digit of 154343?
1
What is the ten thousands digit of 3708326?
0
What is the ten thousands digit of 1690035?
9
What is the ten thousands digit of 1277452?
7
What is the hundred thousands digit of 3202820?
2
What is the millions digit of 1320527?
1
What is the thousands digit of 254031?
4
What is the millions digit of 16419944?
6
What is the hundred thousands digit of 935299?
9
What is the tens digit of 371837?
3
What is the tens digit of 28570?
7
What is the ten thousands digit of 540557?
4
What is the hundred thousands digit of 376069?
3
What is the hundred thousands digit of 675510?
6
What is the tens digit of 648521?
2
What is the thousands digit of 5806882?
6
What is the units digit of 7926361?
1
What is the units digit of 276777?
7
What is the thousands digit of 951142?
1
What is the ten thousands digit of 3843756?
4
What is the ten thousands digit of 51769?
5
What is the units digit of 221437?
7
What is the hundred thousands digit of 1180669?
1
What is the thousands digit of 2955659?
5
What is the hundred thousands digit of 172050?
1
What is the tens digit of 1717425?
2
What is the hundreds digit of 3931?
9
What is the hundred thousands digit of 1184094?
1
What is the units digit of 112140?
0
What is the thousands digit of 107790?
7
What is the hundreds digit of 1113196?
1
What is the ten thousands digit of 3276325?
7
What is the units digit of 32586?
6
What is the thousands digit of 616649?
6
What is the thousands digit of 1555306?
5
What is the hundreds digit of 7738193?
1
What is the millions digit of 4932084?
4
What is the ten thousands digit of 3753393?
5
What is the tens digit of 33051407?
0
What is the thousands digit of 131350?
1
What is the ten thousands digit of 127787?
2
What is the units digit of 1923355?
5
What is the units digit of 2501402?
2
What is the hundreds digit of 3806329?
3
What is the hundred thousands digit of 440763?
4
What is the units digit of 643667?
7
What is the tens digit of 1859632?
3
What is the tens digit of 1279017?
1
What is the hundreds digit of 310557?
5
What is the hundreds digit of 6474462?
4
What is the tens digit of 52437?
3
What is the millions digit of 1246402?
1
What is the thousands digit of 105468?
5
What is the units digit of 4439863?
3
What is the hundred thousands digit of 12307934?
3
What is the thousands digit of 14374808?
4
What is the thousands digit of 262852?
2
What is the tens digit of 1406008?
0
What is the units digit of 1655633?
3
What is the hundreds digit of 20703507?
5
What is the ten thousands digit of 357103?
5
What is the thousands digit of 37534303?
4
What is the tens digit of 639667?
6
What is the units digit of 168382?
2
What is the units digit of 15749599?
9
What is the thousands digit of 100194?
0
What is the thousands digit of 277757?
7
What is the units digit of 7823902?
2
What is the ten thousands digit of 1305663?
0
What is the thousands digit of 984267?
4
What is the hundred thousands digit of 574761?
5
What is the ten thousands digit of 367412?
6
What is the units digit of 15420344?
4
What is the units digit of 125747?
7
What is the hundreds digit of 4764323?
3
What is the tens digit of 450998?
9
What is the millions digit of 1154857?
1
What is the tens digit of 458236?
3
What is the hundred thousands digit of 2665389?
6
What is the thousands digit of 252305?
2
What is the hundred thousands digit of 659843?
6
What is the hundred thousands digit of 140153?
1
What is the hundreds digit of 662110?
1
What is the ten thousands digit of 4485910?
8
What is the tens digit of 650269?
6
What is the ten thousands digit of 109016?
0
What is the hundred thousands digit of 9308108?
3
What is the tens digit of 5274025?
2
What is the tens digit of 270867?
6
What is the tens digit of 14483192?
9
What is the millions digit of 22179561?
2
What is the ten thousands digit of 11471?
1
What is the hundreds digit of 47357?
3
What is the hundreds digit of 4990262?
2
What is the thousands digit of 952484?
2
What is the ten thousands digit of 43834?
4
What is the tens digit of 677679?
7
What is the thousands digit of 12624262?
4
What is the thousands digit of 62497?
2
What is the millions digit of 28560450?
8
What is the thousands digit of 740134?
0
What is the ten thousands digit of 4330345?
3
What is the ten thousands digit of 1219550?
1
What is the ten thousands digit of 18081476?
8
What is the hundreds digit of 20951766?
7
What is the ten thousands digit of 12312766?
1
What is the hundreds digit of 1108978?
9
What is the hundred thousands digit of 1580031?
5
What is the tens digit of 1383722?
2
What is the hundred thousands digit of 643212?
6
What is the tens digit of 13423520?
2
What is the hundreds digit of 858716?
7
What is the ten thousands digit of 681562?
8
What is the hundreds digit of 73702?
7
What is the hundred thousands digit of 693829?
6
What is the thousands digit of 235459?
5
What is the units digit of 5868290?
0
What is the ten thousands digit of 1115866?
1
What is the hundreds digit of 11910774?
7
What is the hundred thousands digit of 1878702?
8
What is the hundreds digit of 533404?
4
What is the thousands digit of 148703?
8
What is the ten thousands digit of 452197?
5
What is the units digit of 1782550?
0
What is the units digit of 834998?
8
What is the hundred thousands digit of 1746249?
7
What is the thousands digit of 16302283?
2
What is the units digit of 200678?
8
What is the units digit of 514627?
7
What is the thousands digit of 175900?
5
What is the tens digit of 25156?
5
What is the hundreds digit of 733355?
3
What is the hundreds digit of 3897123?
1
What is the ten thousands digit of 2759661?
5
What is the ten thousands digit of 795614?
9
What is the units digit of 18075443?
3
What is the tens digit of 7605522?
2
What is the hundreds digit of 349430?
4
What is the thousands digit of 5248669?
8
What is the hundreds digit of 471080?
0
What is the tens digit of 4828301?
0
What is the units digit of 142786?
6
What is the tens digit of 40394?
9
What is the hundred thousands digit of 5128426?
1
What is the thousands digit of 683509?
3
What is the hundred thousands digit of 1690437?
6
What is the hundreds digit of 99182?
1
What is the hundreds digit of 162572?
5
What is the ten millions digit of 22666415?
2
What is the thousands digit of 15004640?
4
What is the tens digit of 2739751?
5
What is the thousands digit of 3339822?
9
What is the ten thousands digit of 66145?
6
What is the ten thousands digit of 2758386?
5
What is the hundreds digit of 439579?
5
What is the units digit of 18521887?
7
What is the hundred thousands digit of 1163001?
1
What is the thousands digit of 15413651?
3
What is the hundreds digit of 5692043?
0
What is the units digit of 657045?
5
What is the hundreds digit of 4064512?
5
What is the units digit of 195079?
9
What is the hundreds digit of 127385?
3
What is the thousands digit of 16212284?
2
What is the thousands digit of 3198845?
8
What is the hundreds digit of 2785585?
5
What is the millions digit of 5266379?
5
What is the tens digit of 8328537?
3
What is the hundreds digit of 903603?
6
What is the hundred thousands digit of 6288991?
2
What is the hundred thousands digit of 288826?
2
What is the units digit of 3501100?
0
What is the units digit of 231843?
3
What is the thousands digit of 661405?
1
What is the hundreds digit of 3211613?
6
What is the millions digit of 6965126?
6
What is the millions digit of 1847746?
1
What is the tens digit of 87873?
7
What is the units digit of 5519888?
8
What is the thousands digit of 1063210?
3
What is the units digit of 973514?
4
What is the millions digit of 2899390?
2
What is the units digit of 6322616?
6
What is the tens digit of 7479?
7
What is the units digit of 28907729?
9
What is the hundred thousands digit of 804382?
8
What is the hundred thousands digit of 349670?
3
What is the units digit of 2280?
0
What is the hundreds digit of 63512?
5
What is the tens digit of 306293?
9
What is th